9?
6033
What is the greatest common factor of 5312 and 14726192?
1328
What is the greatest common factor of 9605 and 274601?
17
What is the highest common divisor of 3393 and 4078806732?
3393
What is the greatest common factor of 44120 and 5540?
20
What is the highest common divisor of 194 and 352331354?
194
Calculate the highest common factor of 1148 and 9413600.
1148
What is the greatest common divisor of 42 and 977864034?
42
What is the highest common factor of 5943930 and 378?
6
What is the highest common divisor of 2364758 and 60865?
47
Calculate the highest common factor of 1376596 and 1302932.
4604
Calculate the greatest common factor of 62480079 and 1539.
81
Calculate the highest common divisor of 6313692 and 693.
231
What is the highest common factor of 136 and 276256630?
34
What is the greatest common factor of 32266 and 55250?
442
What is the highest common divisor of 315 and 130467285?
45
Calculate the greatest common divisor of 120273421 and 259.
37
Calculate the greatest common divisor of 150 and 20807025.
75
Calculate the greatest common divisor of 15961082 and 1602.
178
What is the highest common divisor of 10279443 and 29271?
2661
What is the highest common factor of 1033666512 and 16?
16
Calculate the highest common divisor of 481 and 43007081.
13
Calculate the greatest common divisor of 62727 and 173658.
309
What is the greatest common factor of 29992 and 31004?
92
What is the greatest common divisor of 239365354 and 843?
281
What is the highest common divisor of 11124 and 16739148?
1236
What is the greatest common divisor of 754 and 21236758?
58
What is the highest common factor of 320 and 295502?
2
Calculate the highest common factor of 1618106160 and 22.
22
What is the greatest common divisor of 11 and 26650679?
11
What is the greatest common factor of 1421007 and 5172?
1293
What is the greatest common divisor of 2016 and 23440928?
224
What is the highest common divisor of 5 and 8128955?
5
Calculate the highest common factor of 11810 and 1494348825.
5905
What is the greatest common factor of 177 and 4877648?
59
What is the greatest common factor of 28 and 218873060?
28
What is the highest common factor of 6486294 and 1848?
6
What is the highest common factor of 5 and 119044?
1
Calculate the highest common divisor of 8959167 and 32361.
483
What is the highest common divisor of 11795862 and 1183?
169
What is the highest common factor of 358512442 and 29?
29
What is the greatest common factor of 30152 and 195501799?
3769
Calculate the highest common divisor of 381 and 11130915.
381
Calculate the greatest common divisor of 23493 and 3607417.
191
What is the greatest common divisor of 307262 and 469?
67
Calculate the greatest common factor of 42 and 220521408.
6
Calculate the greatest common divisor of 714 and 23682.
6
Calculate the greatest common factor of 1539392 and 37336.
2872
Calculate the greatest common divisor of 56 and 53792039.
7
What is the highest common divisor of 93 and 2012210?
31
Calculate the greatest common divisor of 335839 and 31521.
7
What is the greatest common divisor of 82 and 92643641?
41
What is the highest common factor of 343 and 16017267?
49
Calculate the highest common divisor of 1 and 3600340.
1
Calculate the highest common divisor of 116 and 10510441.
29
What is the highest common factor of 2712 and 46320?
24
Calculate the highest common divisor of 243468654 and 39.
39
What is the highest common divisor of 483380 and 17460?
20
Calculate the highest common factor of 49753991 and 46.
23
Calculate the highest common factor of 119588 and 88032.
28
Calculate the greatest common factor of 504 and 38910438.
126
Calculate the greatest common divisor of 102 and 1878.
6
Calculate the highest common divisor of 930471906 and 546.
546
What is the highest common divisor of 760355 and 1183310?
1205
What is the greatest common divisor of 3213 and 3426050817?
3213
What is the greatest common divisor of 2727 and 866781?
27
What is the highest common divisor of 77105652 and 39?
39
Calculate the greatest common factor of 182800 and 71600.
400
What is the greatest common factor of 15900 and 10832700?
300
Calculate the highest common factor of 42410 and 505.
5
What is the highest common factor of 5464 and 4727043?
683
Calculate the highest common factor of 40044 and 2781084.
564
What is the greatest common factor of 2979 and 897642210?
993
Calculate the greatest common divisor of 26624 and 1132.
4
What is the greatest common divisor of 606785 and 55?
5
Calculate the highest common divisor of 6226 and 1216900.
566
Calculate the highest common divisor of 6097 and 861182088.
871
Calculate the highest common factor of 16676 and 130988.
44
What is the greatest common factor of 333805 and 8585?
505
Calculate the greatest common factor of 1540 and 66711260.
1540
Calculate the highest common factor of 2036 and 100007302.
1018
What is the highest common divisor of 186 and 2019462?
6
Calculate the highest common factor of 5071684 and 828.
92
What is the greatest common divisor of 12285 and 13486473?
2457
Calculate the highest common divisor of 4264 and 67623760.
328
What is the greatest common factor of 1984530 and 9545?
415
Calculate the greatest common factor of 7520338 and 812.
406
What is the highest common divisor of 46255842 and 2564?
1282
Calculate the greatest common divisor of 24115882 and 168.
14
What is the highest common factor of 928 and 26272086?
58
Calculate the greatest common divisor of 39661299 and 157731.
3219
Calculate the highest common divisor of 2195617858 and 28.
14
Calculate the greatest common factor of 2060690 and 790.
10
Calculate the highest common divisor of 171589 and 1083.
19
Calculate the highest common factor of 137604 and 3936.
12
Calculate the greatest common factor of 293 and 51658537.
293
Calculate the greatest common factor of 1496 and 37644409.
187
Calculate the highest common divisor of 1932515 and 676.
169
Calculate the greatest common divisor of 8 and 68464808.
8
Calculate the greatest common divisor of 105 and 126264579.
21
What is the greatest common divisor of 22032 and 9214884?
5508
What is the highest common factor of 7552 and 1836288?
128
What is the highest common divisor of 257768 and 364?
28
Calculate the greatest common factor of 2970296 and 5278.
406
Calculate the greatest common factor of 14735 and 2835.
35
Calculate the highest common divisor of 370 and 29483191.
37
What is the greatest common divisor of 23950441 and 43?
43
What is the highest common factor of 273064616 and 99594?
11066
What is the highest common divisor of 552 and 2918654?
46
Calculate the highest common divisor of 575 and 14599825.
575
What is the highest common divisor of 10875992 and 16?
8
Calculate the highest common divisor of 113987 and 8587.
31
What is the greatest common divisor of 3270 and 1962360?
30
What is the highest common divisor of 606805 and 8050795?
3865
What is the greatest common divisor of 9460392 and 37354?
1966
Calculate the greatest common factor of 234890 and 340881.
83
What is the greatest common divisor of 648 and 950064?
24
What is the greatest common divisor of 14732 and 264828?
116
Calculate the highest common divisor of 44646 and 42434.
14
Calculate the greatest common factor of 56403 and 201759798.
6267
What is the highest common factor of 11774 and 857066?
406
Calculate the highest common factor of 130755320 and 5514.
1838
Calculate the greatest common factor of 645 and 1632255.
15
Calculate the greatest common factor of 77313952 and 64.
32
What is the greatest common divisor of 1452 and 33825066?
726
What is the greatest common divisor of 479 and 678303278?
479
Calculate the greatest common factor of 72975 and 168525.
525
What is the highest common factor of 1341 and 312354?
9
Calculate the highest common factor of 8885787 and 361.
19
What is the greatest common factor of 47076 and 491179215?
11769
What is the greatest common divisor of 147 and 1533957544?
49
Calculate the highest common divisor of 102486 and 672858.
174
Calculate the highest common factor of 7202 and 22639487.
3601
Calculate the highest common divisor of 16893716 and 56.
28
Calculate the highest common factor of 28035488 and 21736.
1976
Calculate the greatest common divisor of 9 and 129869.
1
Calc